when 3950 is divided by h.
8
Let t = -6396 - -6710. What is the remainder when t is divided by 142?
30
Suppose -6*p - 4*v = -p - 41, -4*v + 1 = -3*p. Suppose p*z - 87 = 953. Let r = z + -149. What is the remainder when r is divided by 31?
28
Let p = 6 - 5. Let n = 4 + p. Calculate the remainder when 13 is divided by 12/30*(0 + n).
1
Let t = -214 - -223. What is the remainder when ((-41)/(-3))/((-74)/(-222)) is divided by t?
5
Suppose -79178 = -43*u - 91*u + 12*u. Calculate the remainder when u is divided by 20.
9
Let g(m) = 64*m**2 - 2*m - 1. Let z be g(-1). Let b(n) = -2*n**2 + 41*n - 181. Let l be b(4). Let u = z + l. Calculate the remainder when 47 is divided by u.
15
Let v(x) = x**2 + 32*x - 51. What is the remainder when v(-60) is divided by 48?
45
Let f = -254 + 65. Let k = 202 + f. Let i = 1 - -7. Calculate the remainder when k is divided by i.
5
Suppose 0 = 456*i - 451*i - 4540. Let j = i + -591. Calculate the remainder when j is divided by 40.
37
Let k(l) = 42*l**2 - 559*l + 5021. Calculate the remainder when k(9) is divided by 39.
38
Let k be 73 - (3 - (0 + 2)). Suppose -71*t + 30 = -65*t. Suppose 6*v - k = v + 3*n, -t*v + 4*n + 76 = 0. What is the remainder when v is divided by 5?
2
Suppose w = -8*g + 6*g + 111, 0 = -3*g + 3*w + 135. Calculate the remainder when 66 is divided by g.
14
Suppose 2*o - 78 = 5*z + 213, 5*o = -z + 687. Calculate the remainder when 961 is divided by o.
133
Suppose -127*m = -122*m - 75. Calculate the remainder when 419 is divided by m.
14
Suppose 26 = 6*k - 22. Let a = k + 6. Let i(w) = w + 6. Calculate the remainder when 75 is divided by i(a).
15
Let j be (32/20)/((-3)/(-15)). Suppose -j = -107*q + 106*q. What is the remainder when 69 is divided by q?
5
Let l(q) = -5281*q - 801. Calculate the remainder when l(-1) is divided by 54.
52
Suppose 2*r = -2*s + 76, -3*r = 2*s + 2*r - 73. Suppose 120*p - 3760 = -1935 + 3935. Calculate the remainder when p is divided by s.
9
Let c = -570 - -584. Let r = 12 - -65. What is the remainder when r is divided by c?
7
Suppose -61*p = -72*p + 2244. What is the remainder when p is divided by (18 + 8)*(-1)/(-2 - -1)?
22
Suppose -1045*f + 1050*f = -2*c + 2932, -5*c - f = -7307. Calculate the remainder when c is divided by 483.
12
What is the remainder when 627 is divided by (-48)/132 + (-2334)/(-66)?
32
Suppose -92*o = -67*o + 82*o - 264076. What is the remainder when o is divided by 36?
20
Let m(w) = 53*w**2 + 32*w - 33. Suppose 2*l - 3*s - 16 = 0, 5*s + 15 + 19 = 4*l. What is the remainder when m(1) is divided by l?
8
Let d(m) = 143*m - 276. What is the remainder when 115 is divided by d(2)?
5
Suppose -31*b + 50*b = -57*b + 81852. What is the remainder when b is divided by 54?
51
Let s(u) = 11*u**2 + u - 1. Calculate the remainder when s(-2) is divided by -81 - (50 - 61) - -87.
7
Let t be 3 + (-7)/((-14)/(-6)). Suppose 4*x + 2*w = 119 + 71, t = -3*x - w + 142. What is the remainder when 233 is divided by x?
45
Let o(p) = 7*p - 2. Let c be o(12). Let n be ((-9)/(-6))/(3/c). Let h = n - 22. Calculate the remainder when 93 is divided by h.
17
Suppose -111*s + 8*s + 3193 = 0. Calculate the remainder when -7 + (-8)/(-2) - -4 - -77 is divided by s.
16
Let n = 106 + 47. Suppose 4*z = l + 4, 9 = -3*l + 759*z - 748*z. Calculate the remainder when n is divided by l.
1
Suppose -26*s + 400 = 24*s. Calculate the remainder when 13 is divided by s.
5
Let t(j) = 87*j. Suppose 65 = -8*n + 473. Suppose 72*h = n*h + 378. What is the remainder when t(1) is divided by h?
15
Suppose -29*y + 41*y + 37368 = 24*y. Calculate the remainder when y is divided by 76.
74
Let n = 4958 + -4633. Calculate the remainder when n is divided by 134.
57
Let f = 4684 - 4396. Calculate the remainder when f is divided by 145.
143
What is the remainder when (-11 - -12)/((-8)/(-10432)) - 6 is divided by 19?
6
Let v(b) be the third derivative of b**4/6 - 8*b**3/3 - 3*b**2. Suppose 43*x = 30*x + 403. What is the remainder when x is divided by v(7)?
7
Let k = 5476 - 5454. What is the remainder when 41 is divided by k?
19
Let n(d) = d**3 + 4*d**2 - 22*d - 53. Let j be n(-25). What is the remainder when 10/(-4) - j/88 is divided by 24?
21
Let s(q) = -q**3 + 17*q**2 - 23*q - 7. Let n be s(15). Let y = 93 - n. Calculate the remainder when ((-48)/20)/(y/150) is divided by 26.
20
Let x = -1469 + 2035. Calculate the remainder when x is divided by 104.
46
Suppose w + 7 = -3*x + 4*x, 4*x - 33 = 3*w. Suppose 0*l + 2*l = x. Calculate the remainder when 60 is divided by (-18)/15*(-105)/l.
18
Suppose 72*x - 93 = 1419. Suppose v + 0*v - 6 = 0. Calculate the remainder when x is divided by v.
3
Let d = -4 + 256. Suppose 0*r - v - 65 = -r, -4*r = 4*v - d. Calculate the remainder when 125 is divided by r.
61
Let f = -1386 + 1814. Calculate the remainder when f is divided by 41.
18
Let a = -4023 + 4242. What is the remainder when a is divided by 25?
19
Let d = -308 + 323. Suppose -4*m + 1 + 155 = 0. What is the remainder when m is divided by 325/d - 2/3?
18
Suppose p - 2290 = -4*g - 841, p = g - 361. Calculate the remainder when g is divided by 22.
10
Let v(j) = -4*j**2 + 13*j - 23. Let i be v(6). Let k = i + 195. What is the remainder when k is divided by 29?
19
Let s(c) = 112*c + 1835. Suppose 12*n - 8*n - 44 = 0. What is the remainder when s(-16) is divided by n?
10
Suppose -36*o + 37*o + 3*v - 348 = 0, 4*o = 4*v + 1440. What is the remainder when o is divided by 40?
37
Let u(x) = 48*x**2 + x - 2. Let s(q) = -3*q + 2*q + 26 + 3*q - 3. Let i be s(-11). Calculate the remainder when u(i) is divided by 12.
11
Let g = -8381 - -8659. What is the remainder when g is divided by 28?
26
Let g = 141 - 116. Suppose 0 = 4*f + 50 - 142. Calculate the remainder when g is divided by 4/(-6) + f/3.
4
Calculate the remainder when 1106 is divided by (3*13)/(1*111/370).
66
Let y(p) = 3*p**2 + 15*p + 3. Let l be y(-6). Let j(t) = -9*t - l - t**2 - 7*t + 0*t**2. Calculate the remainder when 76 is divided by j(-10).
37
Let y(i) = i**3 + 12*i**2 - 14*i - 74. What is the remainder when y(-8) is divided by 40?
14
Let i(y) = -3*y - 6. What is the remainder when (-26)/(-65) + (-3)/(30/(-386)) is divided by i(-10)?
15
Suppose 0 = 9*f - 187 + 2986. Let p = -274 - f. Calculate the remainder when 626 is divided by p.
34
Let b(k) be the third derivative of 11*k**4/8 - k**3 + 2*k**2 + 62. Calculate the remainder when 75 is divided by b(1).
21
Suppose -5*u - 19*f = -16*f - 2300, 0 = -u - 2*f + 453. Calculate the remainder when u is divided by 49.
22
Let g = -132 + 135. Suppose g*w = 27 - 3. Calculate the remainder when ((-26)/6)/((-1)/3) is divided by w.
5
Suppose 5*v + 3*i - 1034 = -75, -4*i + 12 = 0. What is the remainder when (-3)/(-1) + 37 + v is divided by 21?
20
Suppose 3332 = 57*c - 43*c. What is the remainder when 1683 is divided by c?
17
Suppose 5*z - 28 - 2 = 0. Suppose -4*x - 74 = 10. Let a = x - -26. What is the remainder when z is divided by a?
1
Suppose -5*f - 3*a = 26, -5*a + 2 + 8 = -5*f. Let m(r) = -28 - 29*r - 15 - 9*r - 2*r. What is the remainder when m(f) is divided by 17?
15
Let d(k) = -4216*k**3 - 171*k**2 - 346*k + 3. What is the remainder when d(-2) is divided by 10?
9
Suppose 214 + 40 = u + 5*p, -15 = -5*p. Let w = -229 + u. What is the remainder when 12 is divided by w?
2
Suppose 5*c = -25, 23 + 0 = 4*z - 3*c. Suppose 3*w - w - 185 = -5*y, 5*w - 506 = z*y. Calculate the remainder when w is divided by 27.
19
Suppose 119*v - 114*v = 1250. Let x(n) = n**2 + 3*n + 16. Calculate the remainder when v is divided by x(-12).
2
Suppose 149 = -2*a + 445. What is the remainder when a is divided by (-2904)/330*(-40)/16?
16
Suppose 3*u = -5*j + 213, -u - 5*j + 104 = 43. Calculate the remainder when 109 is divided by u.
33
Suppose -15 = -4*j + z, -z = 5*j - 0*z - 30. What is the remainder when 65 is divided by (-1 + j/4)*76?
8
Let d be 324/(-189)*35/(-2). What is the remainder when (-656)/(-6) + 20/d is divided by (-2)/6 - 85/(-3)?
26
Suppose 4*h = 2*v + 346, 0 = -2*h - 0*v - 4*v + 198. Let n = h + -31. Let s = 123 - n. What is the remainder when s is divided by 22?
21
Suppose 174*x - 90 = 164*x. Let y(u) = -9*u - 20. Let s(m) = m - 22. Let l be s(14). What is the remainder when y(l) is divided by x?
7
Suppose 0 = s - 61*s + 1140. Suppose 9 = -d + 3*a - 0, 